{"id":369,"date":"2025-02-07T17:03:21","date_gmt":"2025-02-07T17:03:21","guid":{"rendered":"https:\/\/topcftv.com.br\/?post_type=product&#038;p=369"},"modified":"2025-02-07T17:08:15","modified_gmt":"2025-02-07T17:08:15","slug":"caixa-organizadora","status":"publish","type":"product","link":"https:\/\/topcftv.com.br\/index.php\/produto\/caixa-organizadora\/","title":{"rendered":"Caixa Organizadora"},"content":{"rendered":"<p>De Sobrepor Para Cftv Quadrada Branca C\/ Tampa Cega.<br \/>\nEsta caixa \u00e9 recomendada para esconder ou embutir os componentes de CFTV como Baluns, conectores e FIOS.<br \/>\nTamanho ideal para balun e formato diferenciado.<br \/>\nDimens\u00f5es em cent\u00edmetros:<br \/>\n8,3 x 8,3 x 5,5 cm<\/p>\n","protected":false},"excerpt":{"rendered":"<p>Caixa organizadora pl\u00e1stica para c\u00e2meras de seguran\u00e7a<\/p>\n","protected":false},"featured_media":370,"comment_status":"open","ping_status":"closed","template":"","meta":[],"product_cat":[23],"product_tag":[],"class_list":{"0":"post-369","1":"product","2":"type-product","3":"status-publish","4":"has-post-thumbnail","6":"product_cat-caixas-plasticas-organizadoras","8":"first","9":"instock","10":"shipping-taxable","11":"purchasable","12":"product-type-simple"},"jetpack_sharing_enabled":true,"_links":{"self":[{"href":"https:\/\/topcftv.com.br\/index.php\/wp-json\/wp\/v2\/product\/369","targetHints":{"allow":["GET"]}}],"collection":[{"href":"https:\/\/topcftv.com.br\/index.php\/wp-json\/wp\/v2\/product"}],"about":[{"href":"https:\/\/topcftv.com.br\/index.php\/wp-json\/wp\/v2\/types\/product"}],"replies":[{"embeddable":true,"href":"https:\/\/topcftv.com.br\/index.php\/wp-json\/wp\/v2\/comments?post=369"}],"wp:featuredmedia":[{"embeddable":true,"href":"https:\/\/topcftv.com.br\/index.php\/wp-json\/wp\/v2\/media\/370"}],"wp:attachment":[{"href":"https:\/\/topcftv.com.br\/index.php\/wp-json\/wp\/v2\/media?parent=369"}],"wp:term":[{"taxonomy":"product_cat","embeddable":true,"href":"https:\/\/topcftv.com.br\/index.php\/wp-json\/wp\/v2\/product_cat?post=369"},{"taxonomy":"product_tag","embeddable":true,"href":"https:\/\/topcftv.com.br\/index.php\/wp-json\/wp\/v2\/product_tag?post=369"}],"curies":[{"name":"wp","href":"https:\/\/api.w.org\/{rel}","templated":true}]}}